*l - o = -u*o - 32. Calculate g(l).
3
Let d be 4/3*(-162)/(-12). Let j(z) = 21*z + 9 - d*z - 21*z. Let o(v) = v - 1. Let a(n) = j(n) + 9*o(n). Calculate a(1).
-9
Let h(w) = w**2 - 1. Let v(a) = 5*a**2 + 11*a + 16. Let s(c) = -4*h(c) + v(c). Give s(-6).
-10
Let x(b) = 3*b**3 - 7*b**2 - 4*b - 7. Let w(c) = -4*c**3 + 7*c**2 + 3*c + 8. Let i(f) = -4*w(f) - 5*x(f). Suppose 0 = -z - z - 12. Calculate i(z).
-9
Let a(m) = m**2 + 4*m. Let z be (-3)/(-12) + (-282)/8. Let s = -46 + 32. Let o be z/s*6/(-5). What is a(o)?
-3
Let f = 66 + -60. Let t(o) = -o - 6. Calculate t(f).
-12
Let i(q) = q**2 - 11*q + 7. Let t be 74/8 - (-117)/156. What is i(t)?
-3
Let s(c) = -10*c - 16. Let z be (-4)/(-6) - -3*(-44)/9. Let v(y) = 2*y + 3. Let g(d) = z*v(d) - 3*s(d). Determine g(-4).
-2
Let l(m) be the first derivative of m**5/60 + m**4/8 - 5*m**3/6 - m**2/2 - 43. Let r(b) be the second derivative of l(b). Calculate r(-5).
5
Let z = 993 - 994. Let a(m) = 71*m**2 - m - 1. What is a(z)?
71
Suppose 0 = 6*h - 9*h + 12. Let q be h*(-3)/(-12) + 1. Let s(f) = 2*f**2 + f - q*f - 4 + 5*f**2 - 5*f**2. Determine s(3).
11
Let b(g) = 2*g + 5. Let u(d) = -6*d - 11. Let p(k) = 13*b(k) + 6*u(k). Suppose 0 = 2*l - i, 0 = -5*l - 5*i - 35 + 5. Let s = l - -3. What is p(s)?
-11
Let u be 238/(-22) + (-2)/11. Let g = 13 + u. Let t(a) = -2*a. Calculate t(g).
-4
Let w be (-8)/32 - 10/(-8). Let p be (-4 + 4)/((-2)/w). Let i(g) be the first derivative of g**4/4 - g**3/3 - g**2/2 - 2*g + 1. Calculate i(p).
-2
Suppose -15 = 4*k + v, 3*k - 4 + 18 = 2*v. Let d(b) = b**2 + 2*b - 4. Give d(k).
4
Let w(i) = 87*i - 524. Let h be w(6). Let f(c) = c**3 + 4*c**2 + 5*c + 6. Calculate f(h).
4
Let p(j) be the first derivative of j**6/360 - j**5/20 + j**4/8 + 4*j**3/3 + 1. Let g(d) be the third derivative of p(d). Calculate g(2).
-5
Let n(c) = c**2 + 4*c - 4. Suppose 6*b + 12 = 3*b. Let y be b/20 + 19/(-5). What is n(y)?
-4
Let n(x) = 19*x**3 - 14*x**2 - 2*x - 23. Let z(t) = -11*t**3 + 7*t**2 + t + 12. Let c(u) = 4*n(u) + 7*z(u). What is c(-7)?
-1
Suppose 66*s = 25*s - 123. Let m(w) = w**2 + 3*w - 3. What is m(s)?
-3
Let b(y) be the second derivative of y**5/20 + 4*y**4/3 - y**2 - 71*y. Determine b(-16).
-2
Let t be 3/(-2)*8/(-6). Let o(y) be the third derivative of y**7/1680 - y**6/240 + y**5/20 + 22*y**2. Let c(i) be the third derivative of o(i). Give c(t).
3
Let n(c) = 11*c**2 + 5*c - 1. Let p(i) = -7*i**2 - 3*i + 1. Let s(v) = 5*n(v) + 8*p(v). Let h be (-102)/(-30) - (-2)/(-5). Suppose -5*m = -h*m. What is s(m)?
3
Let b(s) = 294*s**2 - 21 - s + 19 + s**3 - 293*s**2. Calculate b(-1).
-1
Let s(g) = 4*g + 3*g**2 + 4 + 1 - 2*g**2. Let f be s(-4). Let l(j) = 6*j**2 + 0*j**2 - 5 - 2*j**2 - j**3 + 5*j. Calculate l(f).
-5
Let d(s) = -s + 1. Let t(c) = c**2 + c - 1. Let k(o) = 6*d(o) + 6*t(o). What is k(-1)?
6
Let v(r) = -2*r**2 - 3*r - 1. Let m be v(-2). Let y(i) be the first derivative of 2*i + 15 - 1/2*i**2. Calculate y(m).
5
Let m be (3/((-1)/((-8)/12)))/1. Let a(r) = -3*r**m + 6*r**2 - 3 + r**3 + 4. What is a(-3)?
1
Suppose 3*v = -5*f + 20, -4*f - 3*v = 2*v - 16. Suppose 34 - 7 = 9*b. Let u(l) = 3*l**2 - l - l**3 - 2 + 2*l**2 + l**2 - b*l. Calculate u(f).
14
Let z be 11/(-5) - (-834)/695. Let a(n) be the second derivative of n**5/20 - n**4/12 + n**2/2 - n. Give a(z).
-1
Let i(c) = -c**2 + c - 1. Let m(j) = j**2 - 2*j + 2. Let q(k) = 2*i(k) + m(k). Let a(f) = 4*f**2 - 3*f**2 - 3*f + 0*f**2 + 2*f - f**3. Let r be a(1). Give q(r).
-1
Let d = -27 - -32. Suppose -52 = d*s + 3*u, u = s - u. Let k(l) = l**3 + l + 1. Let o(a) = -3*a**3 + 9*a**2 + 6*a + 8. Let t(r) = 4*k(r) + o(r). Determine t(s).
-4
Let g(r) be the second derivative of 4*r**5/5 - r**3/6 + 15*r. Suppose 2 = -5*k - 3. Give g(k).
-15
Let y(g) = g**3 - 10*g**2 + 6*g - 12. Let c(n) = 23 + 8*n**3 - 9*n**3 + 19*n**2 - 13*n - n**3. Let h(a) = 3*c(a) + 5*y(a). What is h(6)?
-9
Let d(j) = 7*j**2. Suppose -2 = -2*v + 4. Let f be 8 + (4 - 9/v). Let y(n) = n**2 - 10*n + 10. Let q be y(f). Give d(q).
7
Let r(c) = c**3 + 10*c**2 - 10*c + 17. Suppose 4*z - 5*v = -39, -5*z - 10*v - 60 = -5*v. Calculate r(z).
6
Let l(y) = y**3 - 4*y**2 - 4*y + 4. Suppose 6*v = 2*v. Let f = 8 + v. Suppose f = u + u. Calculate l(u).
-12
Let p = 1583 - 1587. Let z(q) = q**3 + 4*q**2 + 3*q + 7. Determine z(p).
-5
Suppose -102*o + 20 = -98*o. Let x(k) = -11 - 8 - 2 + o + k. What is x(12)?
-4
Suppose -p - 4 = -d, 4*p + 5*d = 148 - 164. Let r(m) be the second derivative of 1/6*m**3 + 0*m**2 - m + 0. What is r(p)?
-4
Let n(l) = l - 4. Suppose -3*p + 5*u - 148 = 0, 4*u - 240 = 4*p + 8*u. Let i = p + 61. Calculate n(i).
1
Let n(a) = a**3 + 3*a**2 + 2*a. Let x be (12/9)/((-12)/18). Determine n(x).
0
Suppose -q + 110 = 116. Let u(b) = 2 - 2 + 4 + 3*b - 5. What is u(q)?
-19
Let c = 27 + -26. Let i be (3 - (c - 1))*-2. Let h(j) = -j**3 - 5*j**2 + 5*j - 5. Determine h(i).
1
Let w be (-6*(-304)/24)/(-2). Let r(q) = 4*q + 146. Determine r(w).
-6
Suppose -4*x + 2*i = 14 - 6, 2*x = -4*i - 24. Let w(s) be the second derivative of -s**4/12 - 2*s**3/3 - 3*s**2 - s. Give w(x).
-6
Let o(c) = -3*c - 4. Let y(x) = -x - 2. Let l(z) = -3*o(z) + 8*y(z). Suppose 2*a - 43 = -5*w - a, 2*w - 20 = -4*a. Suppose -2*n + w = -n. What is l(n)?
4
Let k(i) = -11*i**3 - i**2 - i + 1. Let g(w) = 11*w - 11. Let f(d) = -5*d + 5. Let u(o) = -13*f(o) - 6*g(o). Let c be u(0). What is k(c)?
-12
Let q(r) = r**2 + r + 1. Let k be 6/(-2)*5/5. Let w(j) = j**3 + 2*j**2 - 2*j + 2. Let d be w(k). Let f be d/(0 - (-3)/6). Give q(f).
3
Let n(y) = -14*y**3 + y**2 + y - 1. Let c = 31 + -120. Let a = c + 90. Determine n(a).
-13
Let c(i) be the third derivative of i**6/15 + i**5/20 + 5*i**3/6 - 39*i**2. Let h(y) = -17*y**3 - 5*y**2 - 8. Let n(j) = -5*c(j) - 3*h(j). Determine n(-1).
-12
Let i(x) be the second derivative of -3/10*x**5 + 0 - 1/6*x**4 + 1/3*x**3 - 1/2*x**2 - 10*x. Suppose f + 4 = 3*s - 2, s - 4*f = 13. Calculate i(s).
-7
Let y be (0 - (12/(-4) - 0/2))*1. Let i(g) be the third derivative of g**5/60 - g**4/8 + 2*g**3/3 + 2*g**2. What is i(y)?
4
Let d(b) be the second derivative of b**4/12 + b**3/3 - b**2 + 6*b. Let g be 3 + (6/4)/((-6)/32). Give d(g).
13
Let x = -9 + 12. Let i(t) = -t + 8 - x - 7. What is i(-2)?
0
Let g(w) = -18*w**2 + 3. Let p(z) = 7*z**2 - 1. Let c(d) = 4*g(d) + 11*p(d). Determine c(1).
6
Let z(i) = 6*i**2 + i + 1. Let b be z(-1). Let u(k) = 5*k**2 + 0*k**2 - b*k**2 + 2. Let x(y) = 2*y - 16. Let t be x(8). Calculate u(t).
2
Let c(v) be the second derivative of -v**7/1260 + v**6/180 - v**5/40 - 13*v**4/12 - v**2/2 - 34*v. Let d(j) be the third derivative of c(j). Calculate d(3).
-9
Let p(d) = 5*d + 2. Let w(u) = -3*u**2 + 25*u - 9. Let a = 96 + -88. Let f be w(a). Give p(f).
-3
Let h(l) = l**3 + l**2 + l + 5. Let c(m) = -21 - 3*m + 10 + 7. Let j be c(0). Let s be 2/j - 3/(-6). What is h(s)?
5
Let a = -19 - -21. Let o(r) = -r - 15*r**a + 19*r**2 + 3*r**3 - 2*r**3 + 0*r - 1. Give o(-4).
3
Let l(s) = 2*s**2 - 2*s. Suppose 3*y + 3 = -3*q, 1 + 9 = -q - 4*y. Suppose -4*t + q = -5*z + 34, -17 = -5*z - t. What is l(z)?
24
Let l(y) = 5*y**3 + 10*y**2 + 4*y - 15. Let q(m) = -6*m**3 - 11*m**2 - 4*m + 16. Let v(g) = -5*l(g) - 4*q(g). Let t be v(-5). Let b(s) = -s + 12. What is b(t)?
6
Let k(t) = -3*t - 9. Let v(o) = -4*o - 9. Let f(g) = 3*k(g) - 2*v(g). Let l be f(-12). Let n(x) = -l + 8 - 8 + 6*x - x**2. What is n(4)?
5
Let r(d) = -2*d**2 + 10*d - 12. Let q(n) = -6*n**2 + 30*n - 31. Let g(a) = -3*q(a) + 8*r(a). Calculate g(7).
25
Let d(v) be the second derivative of 11*v**3/6 - v**2 + 229*v. Determine d(4).
42
Let l(v) = v**2 - v + 1. Let a(w) = 2*w**2 - 2*w + 1. Let u(c) = 2*a(c) - 3*l(c). Suppose -6 = 3*h - 18. Suppose -2*i = 0, -i = 3*r - h*i + 6. What is u(r)?
5
Let h(y) = -y**2 - 1. Let a(q) = -q**2 + q. Let f(r) = a(r) + 2*h(r). Let v(n) = 2*n**2 + 5*n + 5. Let g be v(-2). Suppose 3*d - 9 = -g. Calculate f(d).
-12
Let n(h) be the second derivative of -7*h**3/6 + h**2 + 5*h. Suppose -136*x = -132*x + 16. What is n(x)?
30
Let u(k) = 31*k**3 - 9*k**2 + 65*k - 44. Let v(p) = -17*p**3 + 4*p**2 - 32*p + 23. Let c(t) = 6*u(t) + 11*v(t). What is c(-13)?
2
Let c = 0 - 7. Let y(v) = -v**3 - 4*v**2 + v + 6. Let a(m) = m**2 + 1. Let q(x) = -3*a(x) + y(x). Give q(c).
-4
Let k(o) = -2*o**2 + 19*o - 6. Suppose -1036*f - 36 = -1040